r of 912 and 48?
48
What is the greatest common divisor of 268 and 469?
67
What is the highest common divisor of 34 and 1955?
17
What is the highest common divisor of 30 and 375?
15
Calculate the highest common divisor of 3000 and 30.
30
What is the highest common factor of 2867 and 94?
47
What is the greatest common factor of 980 and 40?
20
Calculate the greatest common factor of 31440 and 131.
131
What is the greatest common factor of 86 and 4?
2
Calculate the highest common factor of 48 and 408.
24
What is the greatest common factor of 228 and 24?
12
Calculate the greatest common factor of 470 and 7285.
235
Calculate the highest common factor of 48 and 9552.
48
What is the highest common divisor of 2366 and 28?
14
Calculate the highest common factor of 1682 and 406.
58
What is the greatest common divisor of 1248 and 39?
39
Calculate the highest common factor of 2583 and 164.
41
Calculate the greatest common divisor of 6176 and 96.
32
Calculate the greatest common factor of 3000 and 228.
12
Calculate the highest common factor of 2091 and 51.
51
Calculate the highest common factor of 54 and 198.
18
Calculate the greatest common factor of 289 and 629.
17
Calculate the greatest common divisor of 28 and 3850.
14
What is the greatest common factor of 49 and 182?
7
Calculate the greatest common divisor of 152 and 8.
8
Calculate the highest common divisor of 14 and 469.
7
Calculate the highest common factor of 77 and 2233.
77
Calculate the highest common divisor of 4 and 108.
4
Calculate the highest common divisor of 103 and 49131.
103
Calculate the greatest common factor of 954 and 27.
9
Calculate the highest common divisor of 13 and 3809.
13
Calculate the greatest common divisor of 5 and 37.
1
What is the greatest common factor of 6 and 1194?
6
What is the greatest common divisor of 30 and 8805?
15
What is the greatest common factor of 224 and 3920?
112
What is the greatest common divisor of 50 and 800?
50
What is the greatest common divisor of 35454 and 114?
114
What is the highest common factor of 72 and 108?
36
Calculate the highest common factor of 284 and 4.
4
Calculate the greatest common factor of 17 and 35632.
17
Calculate the highest common factor of 2366 and 286.
26
What is the greatest common factor of 483 and 575?
23
What is the highest common divisor of 824 and 32?
8
What is the greatest common factor of 1974 and 126?
42
Calculate the highest common divisor of 58 and 14.
2
Calculate the highest common factor of 28 and 1372.
28
Calculate the highest common divisor of 20 and 250.
10
Calculate the highest common divisor of 7 and 63.
7
Calculate the highest common divisor of 1197 and 3249.
171
Calculate the highest common divisor of 5712 and 112.
112
Calculate the highest common factor of 425 and 25.
25
What is the greatest common divisor of 1102 and 232?
58
Calculate the highest common factor of 65 and 39.
13
Calculate the greatest common divisor of 476 and 56.
28
What is the greatest common factor of 11653 and 172?
43
Calculate the greatest common factor of 4 and 250.
2
Calculate the greatest common factor of 18 and 2.
2
What is the greatest common factor of 177 and 118?
59
What is the greatest common divisor of 68 and 119?
17
Calculate the highest common factor of 18 and 126.
18
What is the greatest common factor of 15 and 55?
5
Calculate the greatest common divisor of 460 and 60.
20
Calculate the greatest common factor of 15 and 87.
3
What is the highest common divisor of 80 and 120?
40
What is the highest common factor of 88 and 584?
8
What is the greatest common factor of 2204 and 76?
76
Calculate the greatest common divisor of 26 and 494.
26
Calculate the greatest common factor of 2457 and 189.
189
Calculate the greatest common factor of 37 and 1369.
37
What is the greatest common factor of 96 and 64?
32
Calculate the greatest common divisor of 772 and 4.
4
Calculate the highest common divisor of 24377 and 19.
19
Calculate the greatest common divisor of 9 and 99.
9
Calculate the greatest common divisor of 1109 and 1.
1
Calculate the greatest common divisor of 37 and 17871.
37
Calculate the highest common divisor of 105 and 4305.
105
What is the highest common factor of 3 and 134?
1
Calculate the greatest common divisor of 949 and 1241.
73
What is the greatest common divisor of 3330 and 540?
90
What is the highest common divisor of 420 and 147?
21
Calculate the greatest common divisor of 33 and 297.
33
Calculate the greatest common divisor of 176 and 1507.
11
What is the highest common divisor of 19 and 893?
19
Calculate the greatest common divisor of 66 and 264.
66
Calculate the greatest common factor of 198 and 132.
66
What is the highest common divisor of 986 and 406?
58
Calculate the highest common divisor of 5496 and 48.
24
Calculate the greatest common factor of 1232 and 1309.
77
What is the highest common divisor of 56 and 287?
7
What is the highest common factor of 152 and 56?
8
What is the highest common factor of 88 and 11?
11
What is the highest common divisor of 68 and 412?
4
Calculate the greatest common factor of 22 and 41052.
22
Calculate the highest common factor of 90 and 9090.
90
Calculate the greatest common factor of 16 and 2384.
16
What is the greatest common divisor of 113 and 2?
1
Calculate the greatest common divisor of 12660 and 30.
30
Calculate the greatest common divisor of 12 and 360.
12
Calculate the highest common factor of 353 and 10237.
353
Calculate the greatest common factor of 39 and 20631.
39
What is the highest common divisor of 260 and 13?
13
Calculate the highest common divisor of 3523 and 26.
13
What is the highest common factor of 5096 and 49?
49
What is the greatest common factor of 40 and 1930?
10
What is the greatest common factor of 1953 and 2961?
63
Calculate the greatest common factor of 5362 and 49.
7
What is the greatest common factor of 11 and 21?
1
Calculate the highest common factor of 1254 and 1122.
66
What is the highest common factor of 56 and 28?
28
Calculate the highest common divisor of 28 and 133.
7
Calculate the greatest common divisor of 327 and 218.
109
What is the greatest common factor of 1326 and 156?
78
What is the highest common factor of 408 and 3000?
24
What is the highest common divisor of 777 and 105?
21
What is the greatest common factor of 713 and 744?
31
Calculate the highest common factor of 286 and 44.
22
Calculate the highest common divisor of 142 and 3408.
142
What is the highest common factor of 3941 and 28?
7
What is the highest common factor of 118 and 2?
2
What is the highest common factor of 713 and 62?
31
What is the greatest common divisor of 30 and 5515?
5
Calculate the highest common factor of 3582 and 54.
18
Calculate the greatest common divisor of 1304 and 8.
8
What is the greatest common divisor of 88 and 584?
8
What is the greatest common factor of 744 and 837?
93
What is the highest common divisor of 90 and 117?
9
What is the greatest common divisor of 21 and 3?
3
What is the greatest common factor of 64 and 2624?
64
Calculate the greatest common divisor of 999 and 54.
27
Calculate the greatest common divisor of 1196 and 65.
13
What is the greatest common divisor of 620 and 992?
124
Calculate the greatest common factor of 132 and 12.
12
Calculate the highest common factor of 3 and 43.
1
Calculate the highest common divisor of 46 and 5014.
46
Calculate the greatest common factor of 15 and 25.
5
What is the greatest common factor of 6 and 26034?
6
What is the highest common factor of 84 and 287?
7
What is the highest common factor of 415 and 1079?
83
What is the greatest common divisor of 112 and 13496?
56
What is the highest common divisor of 10 and 6870?
10
What is the highest common divisor of 1644 and 24?
12
Calculate the greatest common factor of 54 and 261.
9
What is the highest common divisor of 18 and 45?
9
Calculate the highest common divisor of 759 and 132.
33
Calculate the greatest common factor of 8300 and 300.
100
What is the greatest common divisor of 40 and 200?
40
Calculate the greatest common divisor of 140 and 175.
35
Calculate the greatest common factor of 3530 and 220.
10
Calculate the highest common factor of 148 and 172.
4
What is the highest common factor of 216 and 18792?
216
Calculate the greatest common divisor o